{"id":14,"date":"2016-04-05T08:23:07","date_gmt":"2016-04-05T08:23:07","guid":{"rendered":"http:\/\/fluentthemes.com\/wp\/morgan\/?page_id=14"},"modified":"2025-07-22T12:15:18","modified_gmt":"2025-07-22T12:15:18","slug":"home","status":"publish","type":"page","link":"https:\/\/332garage.com\/","title":{"rendered":"Home"},"content":{"rendered":"<div class=\"wpb-content-wrapper\"><p>[vc_row full_width=&#8221;stretch_row_content_no_spaces&#8221;][vc_column]<div class=\"container full\">\r\n        \t<div class=\"row\">\r\n            \t<div class=\"col-md-6\">\r\n                \t<div class=\"fancy-header\">\r\n                        \r\n                    \t\t<img loading=\"lazy\" decoding=\"async\" width=\"2560\" height=\"2090\" src=\"https:\/\/332garage.com\/wp-content\/uploads\/2024\/12\/gh-scaled.jpg\" class=\"img-responsive attachment-full\" alt=\"\" title=\"gh\" srcset=\"https:\/\/332garage.com\/wp-content\/uploads\/2024\/12\/gh-scaled.jpg 2560w, https:\/\/332garage.com\/wp-content\/uploads\/2024\/12\/gh-300x245.jpg 300w, https:\/\/332garage.com\/wp-content\/uploads\/2024\/12\/gh-1024x836.jpg 1024w, https:\/\/332garage.com\/wp-content\/uploads\/2024\/12\/gh-768x627.jpg 768w, https:\/\/332garage.com\/wp-content\/uploads\/2024\/12\/gh-1536x1254.jpg 1536w, https:\/\/332garage.com\/wp-content\/uploads\/2024\/12\/gh-2048x1672.jpg 2048w\" sizes=\"auto, (max-width: 2560px) 100vw, 2560px\" \/>\r\n\t\t\t\t\t\t\r\n                        <div class=\"fixed-title\">\r\n                            <h2><\/h2>\r\n                            <h1><\/h1>\r\n                            <p><\/p>\r\n                        <\/div>\r\n                    <\/div>\t\r\n                <\/div>\r\n                <div class=\"col-md-6\">\r\n                \t<div class=\"row\">\r\n                    \t<div class=\"col-md-6 col-sm-6\">\r\n                        \t<div class=\"fancy-nav\">\r\n                                \r\n                    \t\t<img loading=\"lazy\" decoding=\"async\" width=\"482\" height=\"393\" src=\"https:\/\/332garage.com\/wp-content\/uploads\/2024\/09\/konya-arac-seramik-kaplama-kaput-filmi-fiyatlari.jpg\" class=\"img-responsive attachment-full\" alt=\"\" title=\"konya-arac-seramik-kaplama-kaput-filmi-fiyatlari\" srcset=\"https:\/\/332garage.com\/wp-content\/uploads\/2024\/09\/konya-arac-seramik-kaplama-kaput-filmi-fiyatlari.jpg 482w, https:\/\/332garage.com\/wp-content\/uploads\/2024\/09\/konya-arac-seramik-kaplama-kaput-filmi-fiyatlari-300x245.jpg 300w\" sizes=\"auto, (max-width: 482px) 100vw, 482px\" \/>\r\n\t\t\t\t\t\t\r\n                                <ul>\r\n                                    <li><a href=\"tel:0549%20549%2093%2032\" title=\"\"><i class=\"ti-headphone-alt\"><\/i><\/a><\/li>\r\n\t\t\t\t\t\t\t\t\t<li><a href=\"tel:0549%20549%2093%2032\" title=\"\">Bizi Aray\u0131n<\/a><\/li>\r\n                                <\/ul>\r\n                            <\/div>\r\n                        <\/div>\r\n                        <div class=\"col-md-6 col-sm-6\">\r\n                        \t<div class=\"fancy-nav\">\r\n                                \r\n                    \t\t<img loading=\"lazy\" decoding=\"async\" width=\"482\" height=\"393\" src=\"https:\/\/332garage.com\/wp-content\/uploads\/2024\/09\/renkli-garaj-arac-kaplama-merkezi-konya.jpg\" class=\"img-responsive attachment-full\" alt=\"\" title=\"renkli-garaj-arac-kaplama-merkezi-konya\" srcset=\"https:\/\/332garage.com\/wp-content\/uploads\/2024\/09\/renkli-garaj-arac-kaplama-merkezi-konya.jpg 482w, https:\/\/332garage.com\/wp-content\/uploads\/2024\/09\/renkli-garaj-arac-kaplama-merkezi-konya-300x245.jpg 300w\" sizes=\"auto, (max-width: 482px) 100vw, 482px\" \/>\r\n\t\t\t\t\t\t\r\n                                <ul>\r\n                                    <li><a href=\"https:\/\/maps.app.goo.gl\/8wr5aEQtGJzzJAFR9\" title=\"\"><i class=\"ti-location-pin\"><\/i><\/a><\/li>\r\n\t\t\t\t\t\t\t\t\t<li><a href=\"https:\/\/maps.app.goo.gl\/8wr5aEQtGJzzJAFR9\" title=\"\">Yol Tarifi Al\u0131n<\/a><\/li>\r\n                                <\/ul>\r\n                            <\/div>\r\n                        <\/div>\r\n                        <div class=\"col-md-6 col-sm-6\">\r\n                        \t<div class=\"fancy-nav\">\r\n                                \r\n                    \t\t<img loading=\"lazy\" decoding=\"async\" width=\"482\" height=\"393\" src=\"https:\/\/332garage.com\/wp-content\/uploads\/2024\/09\/3m-yetkili-bayi-konya-cam-filmi.jpg\" class=\"img-responsive attachment-full\" alt=\"\" title=\"3m-yetkili-bayi-konya-cam-filmi\" srcset=\"https:\/\/332garage.com\/wp-content\/uploads\/2024\/09\/3m-yetkili-bayi-konya-cam-filmi.jpg 482w, https:\/\/332garage.com\/wp-content\/uploads\/2024\/09\/3m-yetkili-bayi-konya-cam-filmi-300x245.jpg 300w\" sizes=\"auto, (max-width: 482px) 100vw, 482px\" \/>\r\n\t\t\t\t\t\t\r\n                                <ul>\r\n                                    <li><a href=\"https:\/\/www.instagram.com\/332garage_renkligaraj\/\" title=\"\"><i class=\"ti-instagram\"><\/i><\/a><\/li>\r\n\t\t\t\t\t\t\t\t\t<li><a href=\"https:\/\/www.instagram.com\/332garage_renkligaraj\/\" title=\"\">Bizi Takip Edin<\/a><\/li>\r\n                                <\/ul>\r\n                            <\/div>\r\n                        <\/div>\r\n                        <div class=\"col-md-6 col-sm-6\">\r\n                        \t<div class=\"fancy-nav\">\r\n                                \r\n                    \t\t<img loading=\"lazy\" decoding=\"async\" width=\"482\" height=\"393\" src=\"https:\/\/332garage.com\/wp-content\/uploads\/2024\/09\/konya-seffaf-arac-kaplama-fiyatlari.jpg\" class=\"img-responsive attachment-full\" alt=\"\" title=\"konya-seffaf-arac-kaplama-fiyatlari\" srcset=\"https:\/\/332garage.com\/wp-content\/uploads\/2024\/09\/konya-seffaf-arac-kaplama-fiyatlari.jpg 482w, https:\/\/332garage.com\/wp-content\/uploads\/2024\/09\/konya-seffaf-arac-kaplama-fiyatlari-300x245.jpg 300w\" sizes=\"auto, (max-width: 482px) 100vw, 482px\" \/>\r\n\t\t\t\t\t\t\r\n                                <ul>\r\n                                    <li><a href=\"https:\/\/www.youtube.com\/@332GARAGE\" title=\"\"><i class=\"ti-video-clapper\"><\/i><\/a><\/li>\r\n\t\t\t\t\t\t\t\t\t<li><a href=\"https:\/\/www.youtube.com\/@332GARAGE\" title=\"\">Videolar\u0131m\u0131z\u0131 \u0130zleyin<\/a><\/li>\r\n                                <\/ul>\r\n                            <\/div>\r\n                        <\/div>\r\n                    <\/div>\r\n                <\/div>\r\n            <\/div>\r\n        <\/div>[\/vc_column][\/vc_row]<\/p>\n<\/div>","protected":false},"excerpt":{"rendered":"<p>[vc_row full_width=&#8221;stretch_row_content_no_spaces&#8221;][vc_column][\/vc_column][\/vc_row]<\/p>\n","protected":false},"author":2,"featured_media":0,"parent":0,"menu_order":0,"comment_status":"closed","ping_status":"closed","template":"page-vc.php","meta":{"footnotes":""},"class_list":["post-14","page","type-page","status-publish","hentry"],"_links":{"self":[{"href":"https:\/\/332garage.com\/index.php\/wp-json\/wp\/v2\/pages\/14","targetHints":{"allow":["GET"]}}],"collection":[{"href":"https:\/\/332garage.com\/index.php\/wp-json\/wp\/v2\/pages"}],"about":[{"href":"https:\/\/332garage.com\/index.php\/wp-json\/wp\/v2\/types\/page"}],"author":[{"embeddable":true,"href":"https:\/\/332garage.com\/index.php\/wp-json\/wp\/v2\/users\/2"}],"replies":[{"embeddable":true,"href":"https:\/\/332garage.com\/index.php\/wp-json\/wp\/v2\/comments?post=14"}],"version-history":[{"count":9,"href":"https:\/\/332garage.com\/index.php\/wp-json\/wp\/v2\/pages\/14\/revisions"}],"predecessor-version":[{"id":288,"href":"https:\/\/332garage.com\/index.php\/wp-json\/wp\/v2\/pages\/14\/revisions\/288"}],"wp:attachment":[{"href":"https:\/\/332garage.com\/index.php\/wp-json\/wp\/v2\/media?parent=14"}],"curies":[{"name":"wp","href":"https:\/\/api.w.org\/{rel}","templated":true}]}}